
What are the prime factors of 7495?
5, 1499
List the prime factors of 335.
5, 67
What are the prime factors of 3476?
2, 11, 79
What are the prime factors of 47223?
3, 11, 53
What are the prime factors of 71034?
2, 3, 11839
What are the prime factors of 2924?
2, 17, 43
What are the prime factors of 1222?
2, 13, 47
List the prime factors of 18140.
2, 5, 907
List the prime factors of 142771.
142771
What are the prime factors of 3140?
2, 5, 157
List the prime factors of 34210.
2, 5, 11, 311
What are the prime factors of 63872?
2, 499
List the prime factors of 4346.
2, 41, 53
What are the prime factors of 200?
2, 5
List the prime factors of 10401.
3, 3467
List the prime factors of 356.
2, 89
List the prime factors of 2486.
2, 11, 113
What are the prime factors of 172758?
2, 3, 28793
What are the prime factors of 15403?
73, 211
What are the prime factors of 2285?
5, 457
List the prime factors of 2183.
37, 59
What are the prime factors of 10193?
10193
List the prime factors of 534.
2, 3, 89
What are the prime factors of 9096?
2, 3, 379
What are the prime factors of 11274?
2, 3, 1879
List the prime factors of 922.
2, 461
What are the prime factors of 4664?
2, 11, 53
List the prime factors of 3209.
3209
List the prime factors of 1901.
1901
What are the prime factors of 620?
2, 5, 31
List the prime factors of 113976.
2, 3, 1583
What are the prime factors of 373?
373
What are the prime factors of 19971?
3, 7, 317
List the prime factors of 1428.
2, 3, 7, 17
List the prime factors of 2401.
7
List the prime factors of 16914.
2, 3, 2819
What are the prime factors of 723?
3, 241
What are the prime factors of 47690?
2, 5, 19, 251
List the prime factors of 4862.
2, 11, 13, 17
What are the prime factors of 66746?
2, 23, 1451
List the prime factors of 151084.
2, 107, 353
What are the prime factors of 32318?
2, 11, 13, 113
List the prime factors of 58755.
3, 5, 3917
List the prime factors of 5891.
43, 137
What are the prime factors of 59950?
2, 5, 11, 109
What are the prime factors of 26288?
2, 31, 53
List the prime factors of 7798.
2, 7, 557
What are the prime factors of 16549?
13, 19, 67
What are the prime factors of 2262?
2, 3, 13, 29
List the prime factors of 118002.
2, 3, 71, 277
List the prime factors of 96100.
2, 5, 31
What are the prime factors of 12639?
3, 11, 383
What are the prime factors of 18060?
2, 3, 5, 7, 43
List the prime factors of 6995.
5, 1399
List the prime factors of 2779.
7, 397
What are the prime factors of 2149?
7, 307
What are the prime factors of 3385?
5, 677
List the prime factors of 1799.
7, 257
What are the prime factors of 2134?
2, 11, 97
List the prime factors of 981.
3, 109
List the prime factors of 120339.
3, 4457
List the prime factors of 812.
2, 7, 29
List the prime factors of 21399.
3, 7, 1019
What are the prime factors of 2286?
2, 3, 127
List the prime factors of 753.
3, 251
List the prime factors of 2382.
2, 3, 397
List the prime factors of 4048.
2, 11, 23
List the prime factors of 70149.
3, 67, 349
List the prime factors of 17780.
2, 5, 7, 127
List the prime factors of 5903.
5903
What are the prime factors of 414?
2, 3, 23
List the prime factors of 3817.
11, 347
List the prime factors of 862.
2, 431
List the prime factors of 9885.
3, 5, 659
What are the prime factors of 6649?
61, 109
List the prime factors of 19523.
7, 2789
List the prime factors of 27989.
13, 2153
What are the prime factors of 773?
773
List the prime factors of 11046.
2, 3, 7, 263
What are the prime factors of 8901?
3, 23, 43
What are the prime factors of 1147?
31, 37
List the prime factors of 5149.
19, 271
What are the prime factors of 10556?
2, 7, 13, 29
List the prime factors of 6848.
2, 107
List the prime factors of 9375.
3, 5
List the prime factors of 17664.
2, 3, 23
List the prime factors of 33.
3, 11
List the prime factors of 85.
5, 17
List the prime factors of 17144.
2, 2143
What are the prime factors of 40905?
3, 5, 101
List the prime factors of 541.
541
What are the prime factors of 522?
2, 3, 29
List the prime factors of 2392.
2, 13, 23
List the prime factors of 14270.
2, 5, 1427
List the prime factors of 2446.
2, 1223
What are the prime factors of 19696?
2, 1231
What are the prime factors of 615?
3, 5, 41
List the prime factors of 13.
13
What are the prime factors of 445?
5, 89
What are the prime factors of 1334?
2, 23, 29
What are the prime factors of 15?
3, 5
List the prime factors of 434.
2, 7, 31
What are the prime factors of 108?
2, 3
What are the prime factors of 25315?
5, 61, 83
List the prime factors of 13621.
53, 257
What are the prime factors of 34081?
173, 197
What are the prime factors of 4772?
2, 1193
List the prime factors of 4091.
4091
What are the prime factors of 134451?
3, 14939
List the prime factors of 2978.
2, 1489
What are the prime factors of 21205?
5, 4241
List the prime factors of 385.
5, 7, 11
What are the prime factors of 4368?
2, 3, 7, 13
What are the prime factors of 13125?
3, 5, 7
What are the prime factors of 9811?
9811
What are the prime factors of 130?
2, 5, 13
List the prime factors of 5150.
2, 5, 103
List the prime factors of 2639.
7, 13, 29
What are the prime factors of 1786?
2, 19, 47
List the prime factors of 34075.
5, 29, 47
List the prime factors of 3170.
2, 5, 317
List the prime factors of 89080.
2, 5, 17, 131
List the prime factors of 5068.
2, 7, 181
List the prime factors of 132800.
2, 5, 83
What are the prime factors of 4494?
2, 3, 7, 107
List the prime factors of 3368.
2, 421
What are the prime factors of 5290?
2, 5, 23
What are the prime factors of 1566?
2, 3, 29
List the prime factors of 21.
3, 7
List the prime factors of 7293.
3, 11, 13, 17
What are the prime factors of 4530?
2, 3, 5, 151
What are the prime factors of 7875?
3, 5, 7
What are the prime factors of 153?
3, 17
List the prime factors of 1185.
3, 5, 79
What are the prime factors of 40163?
40163
List the prime factors of 2277.
3, 11, 23
List the prime factors of 40891.
103, 397
List the prime factors of 2423.
2423
List the prime factors of 8835.
3, 5, 19, 31
List the prime factors of 50585.
5, 67, 151
What are the prime factors of 26644?
2, 6661
List the prime factors of 918.
2, 3, 17
List the prime factors of 83857.
83857
List the prime factors of 769.
769
List the prime factors of 656.
2, 41
What are the prime factors of 1233?
3, 137
What are the prime factors of 8151?
3, 11, 13, 19
List the prime factors of 152156.
2, 38039
What are the prime factors of 21618?
2, 3, 1201
List the prime factors of 779.
19, 41
List the prime factors of 1494.
2, 3, 83
What are the prime factors of 9683?
23, 421
List the prime factors of 6464.
2, 101
List the prime factors of 1364.
2, 11, 31
What are the prime factors of 48873?
3, 11, 1481
What are the prime factors of 4168?
2, 521
What are the prime factors of 7438?
2, 3719
List the prime factors of 3312.
2, 3, 23
What are the prime factors of 1828?
2, 457
What are the prime factors of 56?
2, 7
What are the prime factors of 67381?
43, 1567
What are the prime factors of 2204?
2, 19, 29
What are the prime factors of 115636?
2, 28909
What are the prime factors of 1979?
1979
List the prime factors of 1226.
2, 613
List the prime factors of 533.
13, 41
List the prime factors of 141.
3, 47
List the prime factors of 24713.
13, 1901
What are the prime factors of 29016?
2, 3, 13, 31
What are the prime factors of 7705?
5, 23, 67
List the prime factors of 101237.
67, 1511
What are the prime factors of 1001?
7, 11, 13
What are the prime factors of 883?
883
What are the prime factors of 31251?
3, 11, 947
What are the prime factors of 4694?
2, 2347
List the prime factors of 7522.
2, 3761
List the prime factors of 16136.
2, 2017
List the prime factors of 6516.
2, 3, 181
List the prime factors of 2129.
2129
What are the prime factors of 10614?
2, 3, 29, 61
List the prime factors of 2911.
41, 71
List the prime factors of 1036.
2, 7, 37
List the prime factors of 25405.
5, 5081
List the prime factors of 134999.
134999
What are the prime factors of 669?
3, 223
List the prime factors of 541.
541
What are the prime factors of 2285?
5, 457
What are the prime factors of 32880?
2, 3, 5, 137
What are the prime factors of 991?
991
List the prime factors of 2537.
43, 59
What are the prime factors of 813?
3, 271
List the prime fa